 of j.
2
Let c be ((-9)/6)/((-6)/16). Let t(m) = 7*m**2 - 10*m + 2. Let p(u) = 8*u**2 - 11*u + 2. Let v(k) = -6*p(k) + 7*t(k). What are the prime factors of v(c)?
2
Let c(s) = -2*s - 3. Let z be c(-9). Suppose 5*q = -0*q + z. List the prime factors of q.
3
Let t = -33 - -52. What are the prime factors of t?
19
Let u(a) = -32*a**2 + 1. Let j be u(1). Let p = j + 57. List the prime factors of p.
2, 13
Suppose -4*g + 0*g = -224. Suppose 4*o - g = 2*o. What are the prime factors of o?
2, 7
What are the prime factors of (-240)/18*3/(-2)?
2, 5
Let f(p) = p**2 - 1. Let l(i) = -2*i**2 - 2*i + 1. Let a(m) = f(m) - l(m). Suppose 5*c + 8 = -2. List the prime factors of a(c).
2, 3
Let k = -180 + 301. What are the prime factors of k?
11
Suppose -3*v + 2*v = -19. Let y = v + -3. List the prime factors of y.
2
Let o = -4 + 0. Let g be (o - -2) + 14/2. Suppose g*h = 4*h + 3. What are the prime factors of h?
3
Suppose 0 = -2*m + 4*m - 5*n - 10, 5*m = 5*n + 25. Suppose y = 3*q + 39, 4*y = m*q + 62 - 4. Let r = q - -25. List the prime factors of r.
11
Suppose -w - 41 = -n, 2*w + n + 54 = -40. Let k be w/(-10)*4/(-3). Let g(o) = -o**3 - 7*o**2 - 8*o + 3. List the prime factors of g(k).
3, 5
Let x be 60/5*(-2)/4. Let d be 0 + (8 - 1 - -1). Let p = d + x. What are the prime factors of p?
2
Let w(x) = -x**3 - 2*x**2 + 7. What are the prime factors of w(-4)?
3, 13
Let g = -10 - -16. Suppose 0 = t - 6 - g. List the prime factors of t.
2, 3
Suppose 2*k - 1 = k. Let v be (3 + (k - 4))*-1. Suppose -4*t + 3*z + 52 = 0, 3*z = -v + 12. List the prime factors of t.
2
Suppose -1 = o, -5*r = -r + o - 167. List the prime factors of r.
2, 3, 7
Let b(q) = q**2 - 4*q - 3. Let u be b(4). Let p(k) = 6*k + 1. Let s be p(u). What are the prime factors of (-5)/10*(s - 1)?
3
List the prime factors of -2*((-54)/(-4))/((-9)/15).
3, 5
Suppose 4*f - 49 = 3*f. What are the prime factors of f?
7
Suppose -2*n = -n - 3*q + 2, -n - 4*q = 2. Let h(w) = 10*w**2 + w. Let x be h(-1). List the prime factors of -2*(n + 3) + x.
7
Let n = 0 - -3. Let c(a) = 0*a + a**n + 4*a - 5*a**2 - 3 - 3*a. What are the prime factors of c(5)?
2
Let w(i) = i + 7*i**2 - i**3 + 0 + 4 - 4*i. Let r be w(6). Suppose -4*n = 4*y - 72, -3*n + 2*n - 3*y = -r. What are the prime factors of n?
2
Suppose 2*c = -2*n + 118, c - 49 = -3*n + 124. What are the prime factors of n?
3, 19
Let q(s) = 7*s**3 - s**2 + 2*s - 1. Let m be q(1). Suppose 2*z = -1 - m. List the prime factors of (-10)/z*90/25.
3
Suppose i + 0*i = -2*x + 93, i = x + 102. List the prime factors of i.
3, 11
Suppose -4*f = -j - 8, 3*j = 2*j + f + 1. Suppose 2 - 4 = -a - x, 5*x - 16 = -2*a. Let g = j + a. List the prime factors of g.
2
Let z(u) = u - 2. Let c be z(2). Suppose c*r = -r. Suppose r*v = 4*v - 48. What are the prime factors of v?
2, 3
What are the prime factors of 1062/8 + (-8)/(-32)?
7, 19
Suppose -2*m = 5*c - 0*m - 19, -m = -2*c + 4. Let f(o) = -5*o**2 + c*o + 6*o - o**3 + 9 + 0*o - 3*o. What are the prime factors of f(-6)?
3
Let m(r) = -3*r - 4. Let k be m(-3). Let o = 4 + k. What are the prime factors of o?
3
List the prime factors of 10*(-28)/(-8) - -1.
2, 3
Let f(y) be the third derivative of -y**4/8 - y**3/3 + y**2. Let o be f(-2). Let j(t) = 2*t**2 - 7*t + 6. List the prime factors of j(o).
2, 5
Suppose 2*f + 4*d - 41 = 337, 4*f + d = 777. What are the prime factors of f?
3, 5, 13
Suppose -7*d + 494 = -2*d - 4*o, -2*d + 191 = 5*o. List the prime factors of d.
2, 7
Let z be (-37)/(-7) + (-10)/35. Suppose -z*b + 51 = -29. What are the prime factors of b?
2
Let q(n) = 15*n**2 + n - 1. Let b be 1 - -1 - (1 - 0). What are the prime factors of q(b)?
3, 5
Let s = -3 - -5. List the prime factors of (5 - 41)*s/(-3).
2, 3
Suppose -89 - 86 = -5*o. Suppose 3*g + 4*t - o = 0, -2*g = -g + 4*t - 17. List the prime factors of g.
3
Let a(k) = 2*k**2 + 4*k - 1. What are the prime factors of a(4)?
47
Let q = -8 - -4. Let l(x) = -x**3 - 4*x**2 - 4*x - 6. List the prime factors of l(q).
2, 5
Let h(z) = -z**3 + z**2 + 4*z + 3. Let a be h(-3). Suppose -4*d + a = -d. What are the prime factors of d?
3
Let y be 1 - 26/(-2) - 0. Let x = y - -3. List the prime factors of x.
17
List the prime factors of 45 + 2 + 6/2.
2, 5
Let q(b) = -12*b - 18. Let p be q(-6). Suppose 16*h + p = 19*h. What are the prime factors of h?
2, 3
What are the prime factors of (118/(-2))/(-2 - -1)?
59
Let b be 3 + 1/3*0. List the prime factors of (-102)/(-18) - (-1)/b.
2, 3
Suppose t = -5*c - 17, -5*t + 2*c = -0*c - 23. Suppose t*g - 48 = -g. List the prime factors of g.
2, 3
Let x(p) = p**2 - 11*p - 39. What are the prime factors of x(19)?
113
Let o(l) = 4*l + 9. Let s(b) = b. Let p(z) = -o(z) + s(z). Let y be p(-7). What are the prime factors of (4/(-3))/((-1)/y)?
2
Suppose -2*h + 4*h - 14 = 0. Suppose -h*g = -g - 318. What are the prime factors of g?
53
Let x = -1 + 11. Suppose o + 4*k - 15 = x, -2*k = 4*o - 128. List the prime factors of o.
3, 11
What are the prime factors of (91 - (0 - -4))/1?
3, 29
Let u be (1*(-3)/(-1))/(-1). Let d(g) = -g**3 - 10*g**2 + 12*g + 11. Let r be d(-11). Let q = r - u. List the prime factors of q.
3
Let p(i) = -i**3 - 10*i**2 + 2*i + 13. Let v be p(-10). Let d = v - -21. List the prime factors of d.
2, 7
Let k(a) = 31*a**3 + 2*a**2 - 5*a + 4. List the prime factors of k(2).
2, 5
Suppose 5*f - 1 = a, a = 3*a + 5*f - 28. List the prime factors of a.
3
Let d be 2/7 - 12/(-7). Let n = d - -1. What are the prime factors of n?
3
Let w(x) = x. Let y be w(-3). Let v be ((-81)/(-36))/(6/32). List the prime factors of -4*(v/y - -2).
2
Let u = -7 - -10. Suppose -5*j + 0*j + 5 = 0, u*o = -4*j + 46. Suppose 23 = 5*f + 4*z, -4*f - 2*z = -o - 8. What are the prime factors of f?
7
Let l(z) = -18*z - 1. Let i be l(-2). Let m(v) = v**2 + 5*v - 2. Let x be m(-7). Let y = i - x. What are the prime factors of y?
23
Let r = 87 + -43. List the prime factors of r.
2, 11
Let b = 18 + -30. Let w = 18 - b. What are the prime factors of w?
2, 3, 5
Let m(u) = -u. Let n be m(1). Let o be n - (-1 + -4 + 2). What are the prime factors of o/(0 + (-1)/(-2))?
2
Let a = -270 - -586. List the prime factors of a.
2, 79
Let s = 77 + -37. List the prime factors of s.
2, 5
Let r be (-19572)/(-6) + 0/(-2). List the prime factors of r/91 + (-4)/(-26).
2, 3
Let c(m) = 3*m**3 - 5*m**2 + 3*m - 4. List the prime factors of c(3).
41
Suppose 4*q = 2*r + 10, 3*q + 5*r + 0 = 1. Let z be 0 + (q - 0/1). Suppose -o - 3*i - 2 = 0, o - z*o = 5*i + 8. List the prime factors of o.
7
What are the prime factors of 1/(-1 + -76*10/(-756))?
3, 7
List the prime factors of 180/7 - 6/(-21).
2, 13
Suppose -9 + 95 = -5*w - 2*k, 3*w - 5*k = -64. Let r = w - -13. Let x(u) = u**3 + 6*u**2 + 5*u + 3. List the prime factors of x(r).
3
Suppose -3*a = -13*a + 370. List the prime factors of a.
37
Suppose -5*f - m - 54 = 0, f - 6*f - 46 = -m. What are the prime factors of ((-1)/(-4))/(f/(-1240))?
31
Suppose 2*i - 2 = 0, -f + 3*f + i - 1 = 0. Suppose -p + 23 = -f*z + 2*z, -z + 2*p = -4. List the prime factors of z.
2, 5
Suppose 5*b = -l - 1, -b + 29 = 3*l - 24. List the prime factors of l.
19
Let y = 5 - 15. What are the prime factors of ((-12)/y)/(3/75)?
2, 3, 5
Suppose 4*s = 4*i - 72, -2*s = -i + 3*i - 44. Let b = i + -8. What are the prime factors of b?
2, 3
Let g(c) = 73*c - 3. What are the prime factors of g(1)?
2, 5, 7
Let z(u) = -u**3 + 6*u**2 + 3*u + 6. What are the prime factors of z(6)?
2, 3
Suppose 4*d - 15 = d. Let l(g) = g**3 + 4 - 6*g**2 - d - 7*g + 5. What are the prime factors of l(7)?
2
Suppose 0 = 5*o - 4*k - 1139, -3*k = -0 + 3. What are the prime factors of o?
227
Let k = -11 - -11. Suppose 2*c - c - 2 = k. List the prime factors of c.
2
Suppose -3 = -0*s - s. Let f(d) = -5*d**2 - 2*d - s*d - 2 + 4 - 2*d**3 + 3*d**3. What are the prime factors of f(6)?
2
Let b = 13 + -23. What are the prime factors of b*(-1)/8*4?
5
Let q = 34 - 19. What are the prime factors of q?
3, 5
Let h(y) = y**2 - 1. Let c be h(1). Suppose -2*a = -3*v + 12 - 2, -4*v + 16 = c. Suppose -2*f = -25 + a. List the prime factors of f.
2, 3
Let o = -41 + 73. What are the prime factors of o?
2
Let k(f) = -10*f - 7. List the prime factors of k(-4).
3, 11
Let o(h) = -h. Let j be o(5). Let r be (-5)/(-25) - (-1)/j. Suppose r = 3*y - 7*y + 52. What are the pri